
4355104
Convert b89349 (base 15) to base 6.
512214540
5aa3a2 (base 12) to base 13
3c5a53
-311010211 (base 4) to base 15
-44621
Convert 59b7be (base 15) to base 2.
10000010111101100110011
10000001100111101110100 (base 2) to base 10
4247412
Convert -3015115 (base 7) to base 2.
-1010111001100000100
-21211101002 (base 3) to base 4
-211213223
-5a74610 (base 12) to base 8
-103016554
Convert 11274604 (base 8) to base 13.
67cb26
Convert -5422571 (base 9) to base 15.
-3c6b6a
What is b8611 (base 13) in base 3?
121220111000
2235520 (base 6) to base 11
78739
What is a3676 (base 14) in base 4?
1200013020
-57e80 (base 15) to base 11
-181424
-808a9 (base 12) to base 15
-347e9
Convert -224587 (base 14) to base 12.
-481b23
What is 231313434 (base 5) in base 9?
1857003
Convert 2110400203 (base 5) to base 11.
2527485
25162 (base 10) to base 8
61112
Convert 46840 (base 16) to base 12.
11b194
What is 1cefea (base 16) in base 5?
441141201
8171030 (base 10) to base 2
11111001010111000010110
-1174244 (base 8) to base 3
-121112220112
What is 2248895 (base 10) in base 13?
60980c
What is 6c343 (base 13) in base 9?
332004
332213 (base 12) to base 3
1112021111020
Convert 10335220 (base 7) to base 10.
882994
133022322 (base 4) to base 3
20111010200
What is 1001000010110010111 (base 2) in base 16?
48597
What is 3312422 (base 7) in base 15?
80762
33461651 (base 7) to base 13
7a9876
Convert 12cc85 (base 13) to base 8.
1574324
What is 608a (base 13) in base 15?
3e16
What is 14002215 (base 7) in base 2?
100111100001001010111
Convert 110001000010010101011100 (base 2) to base 16.
c4255c
-1572161 (base 10) to base 5
-400302121
19d2dc (base 14) to base 11
579096
4434446 (base 8) to base 12
497172
Convert -70a69 (base 11) to base 12.
-50078
Convert 214031213 (base 5) to base 2.
11100001100100011101
Convert 111001010101110111 (base 2) to base 4.
321111313
What is -1c37172 (base 13) in base 12?
-3186429
21703710 (base 8) to base 4
101320133020
Convert 111312343 (base 5) to base 3.
221010122002
Convert 594313 (base 12) to base 16.
15f1bf
What is -543728 (base 11) in base 4?
-3110011101
Convert -10001111001010011111000 (base 2) to base 16.
-4794f8
30301230003 (base 4) to base 15
462586
What is c516ab (base 15) in base 7?
142435163
What is 1576719 (base 10) in base 14?
2d086b
Convert -43563450 (base 8) to base 7.
-142414022
-85143 (base 12) to base 13
-616b3
What is -14152522 (base 6) in base 12?
-1b2742
Convert 2101200102 (base 3) to base 11.
32477
Convert -348871 (base 9) to base 7.
-1533025
What is 18240a4 (base 14) in base 6?
1103253320
Convert 1903ab (base 12) to base 3.
211011002212
-5d07 (base 15) to base 12
-b567
400036 (base 8) to base 5
13143402
What is -7687b6 (base 12) in base 3?
-10112120112110
Convert 351929 (base 10) to base 13.
c4256
Convert 1a61543 (base 14) to base 4.
302020200213
What is -aa24c (base 13) in base 3?
-120122110202
Convert -110102432 (base 7) to base 15.
-8a753b
Convert -222210200120 (base 3) to base 5.
-113340233
What is 1260433 (base 9) in base 4?
2220101223
What is 270418 (base 10) in base 9?
451844
What is c971 (base 14) in base 3?
1202201120
6303646 (base 7) to base 2
10111000111110101000
1cb0e (base 16) to base 8
345416
What is -34278e (base 16) in base 7?
-41024003
What is -12432a (base 13) in base 10?
-437746
Convert -1a08 (base 16) to base 13.
-3058
Convert -7309423 (base 11) to base 15.
-11eb313
What is -807da (base 16) in base 4?
-2000133122
114a019 (base 13) to base 15
705828
What is -1225411150 (base 6) in base 3?
-222211121211110
What is 118784 (base 9) in base 12?
35871
256be (base 16) to base 5
14401103
Convert 5157601 (base 9) to base 2.
1010100000100001011001
What is -248cba (base 13) in base 3?
-1122112110012
What is -1043202242 (base 5) in base 14?
-445200
Convert 156621 (base 9) to base 10.
96733
Convert 1381053 (base 9) to base 7.
6322101
What is 102135320 (base 6) in base 2?
110110011111111000000
What is -2676450 (base 8) in base 16?
-b7d28
168381 (base 9) to base 10
104563
-4048445 (base 12) to base 4
-231323301311
What is -154210 (base 9) in base 3?
-11211020100
Convert -211112011 (base 3) to base 5.
-1011140
What is -11303201 (base 4) in base 9?
-35548
411151 (base 12) to base 4
3320202031
Convert 235042543 (base 6) to base 11.
2561496
Convert -291c1 (base 15) to base 3.
-20201010001
Convert -1af15 (base 16) to base 2.
-11010111100010101
1111000111001110100111 (base 2) to base 13
a89354
Convert -dcbc (base 15) to base 2.
-1011011010100000
What is 107915 (base 11) in base 2?
101001110111010001
Convert -3890766 (base 10) to base 9.
-7280113
Convert -198572 (base 10) to base 16.
-307ac
What is 589052 (base 11) in base 2?
11100100001000010011
-26151 (base 7) to base 13
-3213
-2894b (base 16) to base 2
-101000100101001011
Convert 6d047 (base 14) to base 6.
5412315
Convert -a604eb (base 15) to base 2.
-11110001000010111111101
What is -421377 (base 8) in base 5?
-13440111
1167451 (base 10) to base 4
10131001123
What is -ac296 (base 13) in base 10?
-312435
Convert 16a797 (base 11) to base 2.
1000000001111111000
-20055124 (base 6) to base 11
-3583a5
What is -b3d70 (base 14) in base 5?
-102332304
What is 610665 (base 7) in base 2?
11001010010100000
What is 10640110 (base 7) in base 3?
1202110021021
8366343 (base 10) to base 16
7fa907
52924 (base 15) to base 16
3ff2e
What is 140514404 (base 6) in base 10?
2840548
-10100111010010000001 (base 2) to base 9
-1253806
-2274191 (base 12) to base 13
-14ab119
What is 9cac (base 16) in base 4?
21302230
What is -3149ac (base 13) in base 4?
-10121131323
What is 142025 (base 9) in base 3?
11102000212
-1303300 (base 4) to base 13
-34ab
269882 (base 15) to base 5
433323142
What is -33146314 (base 7) in base 3?
-12100220111011
What is -241736 (base 8) in base 16?
-143de
Convert 4221230 (base 10) to base 11.
2423522
What is -210021102222 (base 3) in base 7?
-3362621
Convert 532301 (base 6) to base 10.
43309
What is 14421201 (base 5) in base 16?
25bb7
-5522256 (base 7) to base 5
-133143112
Convert 10131263 (base 9) to base 6.
252120133
10669a0 (base 11) to base 2
111001000001100110000
174b845 (base 13) to base 16
737170
Convert -684c5 (base 15) to base 7.
-2551310
What is -1548167 (base 10) in base 2?
-101111001111110000111
Convert 21231222003 (base 4) to base 11.
148a095
-1528733 (base 9) to base 11
-528877
What is 4043421 (base 5) in base 2?
1111111111001110
What is 90394 (base 13) in base 6?
5304541
106521 (base 11) to base 7
1304436
What is -12312003103 (base 4) in base 13?
-4aa8bc
-33031467 (base 8) to base 6
-411552411
What is 330250424 (base 6) in base 8?
26405060
What is 133120332 (base 4) in base 9?
215330
What is 24323 (base 5) in base 14?
954
-135349b (base 13) to base 14
-b479d6
Convert 1431240 (base 6) to base 13.
2b3c8
Convert 13434003 (base 5) to base 14.
38d94
What is 411b4 (base 12) in base 8?
245730
What is -69c49 (base 14) in base 7?
-2122022
Convert -17694 (base 12) to base 15.
-a03d
What is 1011000010101000100000 (base 2) in base 15?
3c28cd
-1525152 (base 6) to base 5
-10324101
Convert 58321 (base 10) to base 8.
161721
-3a5398 (base 13) to base 7
-14665004
1055462 (base 7) to base 8
401031
What is 10012000002101 (base 3) in base 4?
12131102002
What is -661 (base 10) in base 8?
-1225
What is -1535403 (base 7) in base 16?
-33771
What is 1770619 (base 10) in base 3?
10022221211111
222cf (base 16) to base 14
3902b
What is 1120202 (base 3) in base 9?
1522
Convert -5c5b (base 16) to base 10.
-23643
Convert -281e1 (base 16) to base 14.
-43c53
162b3 (base 13) to base 2
1010010011110011
What is 17d44 (base 14) in base 11?
41287
Convert -1000002102101 (base 3) to base 8.
-2021326
What is -1550454 (base 6) in base 13?
-32c6b
-4abb9 (base 13) to base 14
-38533
What is 5552715 (base 9) in base 15?
3e01ce
-163010 (base 9) to base 14
-28947
Convert 101011011000110011111001 (base 2) to base 6.
1043440321
What is -169188 (base 12) in base 3?
-201202200012
What is -177180 (base 15) in base 2?
-100010101110000111000
What is 2324312202 (base 5) in base 9?
10878063
1561145 (base 9) to base 7
10240262
2407747 (base 12) to base 5
3241333310
What is -54331141 (base 6) in base 13?
-446713
Convert 1214024333 (base 5) to base 2.
1010111110010110101011
Convert -4525e5 (base 15) to base 12.
-1130b8b
What is 11